17 = -5, 2*o - 14 = 5*z. What are the prime factors of r(o)?
3
Let s = -47 - -33. List the prime factors of s/(-1)*(-3)/(-3).
2, 7
Let v(q) = 7*q**3 - 6*q**2 - q + 4. Let g be v(4). List the prime factors of (-1)/3 - g/(-12).
29
Let x(c) = 5*c - 5. What are the prime factors of x(2)?
5
Let w = 123 + 8. List the prime factors of w.
131
Suppose 0*i - 4*i - 3*l = -15, -i + 4*l = 20. Suppose i = -2*p + 1 + 3. What are the prime factors of p?
2
Let n = 80 + -22. List the prime factors of n.
2, 29
Let g(z) = z**2 - z + 4. Let v be g(3). List the prime factors of v/(-15) - 40/(-6).
2, 3
Let p(d) = -3*d**3 - 2*d**2 - 1. What are the prime factors of p(-2)?
3, 5
Suppose 3*g - 63 = 60. What are the prime factors of g?
41
Let f be (-1 + 0)/((-2)/4). Suppose 0 = -i - 3*l + 11, -3*i + 4*l = f*i - 55. Let u = i + -8. List the prime factors of u.
3
Let x be -1*2*4/(-2). Suppose -2*m = 3*d - 37, 4*d + 9 = -x*m + 57. List the prime factors of d.
13
Let l = -17 + 25. Suppose 2*p + 3 + 5 = -2*w, p + l = -2*w. What are the prime factors of 114/15 + w/(-10)?
2
Suppose -7*b + 2*b = -40. Suppose -3*v + b = -19. What are the prime factors of v?
3
Let a = 21 + -11. Suppose -a = -o - o. Suppose o*q - q = 16. What are the prime factors of q?
2
Suppose -4*r = 16 + 12. Let s(o) = -4*o + 5. Let l be s(r). Suppose a + 2*a - l = 0. List the prime factors of a.
11
Suppose 2*b - 10 = -5*c - 0, 4*c = 4*b - 20. Suppose 0 = -3*f - 3, 2*v + v - 4*f - 31 = c. What are the prime factors of v?
3
Suppose 0 = 2*y + 5*a - 15, 6*y - 105 = y + a. Suppose -5*p + 4*f = 3*f, 4*f - y = 0. Suppose -p = 3*t - 37. List the prime factors of t.
2, 3
Let r(j) = j - j - j - 7. Let c be r(-9). Suppose 5*y - 1 = 4*l + c, l = 5*y - 12. List the prime factors of y.
3
Let x = -9 + 15. Let a(v) = -3 + 0 - 3*v + 5*v - 4. What are the prime factors of a(x)?
5
Let v = 10 - 6. Suppose f - 10 - 10 = -n, 2*f = v. List the prime factors of n.
2, 3
Let v = 7 + -1. Let k = v - 0. What are the prime factors of 4/k*(-21)/(-2)?
7
Suppose -17 = -c + 50. What are the prime factors of c?
67
Let s be (-22)/(-77) - (-94)/14. Suppose 5*v - s*v = -72. List the prime factors of v.
2, 3
Let t be 1/((-22)/8 - -3). Suppose -4*n + 36 = -5*v + t*v, 3*n + 3*v - 12 = 0. What are the prime factors of n?
2
Suppose -b = 5*l - 1055 - 109, -4*b = -5*l + 1144. List the prime factors of l.
2, 29
Let j(s) be the second derivative of -s**3/2 + 2*s. List the prime factors of j(-4).
2, 3
Let t(r) be the third derivative of r**5/60 + r**4/8 - 7*r**3/6 - 4*r**2. List the prime factors of t(-7).
3, 7
Let m be -1*6*4/6. Let g = m + 11. Let n = -3 + g. What are the prime factors of n?
2
Let i be 970/14 - (-8)/(-28). List the prime factors of (-3)/(-9) - i/(-9).
2
Let a(v) = 2*v**2 - 3*v - 4. Let y be a(3). Suppose y*d - 3 = 12. List the prime factors of d.
3
Suppose -375 = -0*s + 5*s. Let f be (-2)/(-2) - (s - 4). Suppose -f = -7*y + 2*y. What are the prime factors of y?
2
Let f(m) = -2*m**2 + 2*m + 1. Let g be f(2). Let q = g + 6. Suppose -q*t - 2*t = -10. List the prime factors of t.
2
Let a(f) = 4*f + 16. List the prime factors of a(5).
2, 3
Let z be (-2)/8 - (-168)/32. Suppose 3*k - 60 = 3*a, -a + 90 = z*k - 4*a. List the prime factors of k.
3, 5
Suppose 5*t + 2*s - 1624 = -2*s, -t + 323 = -s. What are the prime factors of t?
2, 3
Suppose 5*i = -u + 13, -2*i - 2 = -0*i - 2*u. Suppose 2*l + i*l = 24. Let z = -3 + l. What are the prime factors of z?
3
Suppose 5*b + 5*i = -15, i - 1 = 3*b + 12. Let w be 2/b - (-25)/2. List the prime factors of 4/14 + w/7.
2
Suppose 5*z - 589 = -4*h, 4*h - 144 = 3*h + 2*z. What are the prime factors of h?
2, 73
Suppose -19 = -2*t - 3. Suppose -3*f - 25 = -t*f. List the prime factors of f.
5
Let i = 41 - 25. Suppose -14 - i = -5*t. List the prime factors of t.
2, 3
List the prime factors of ((-6)/18)/((-2)/516).
2, 43
Let m(f) = 2*f**2 - 5*f - 1. Let i be m(9). Suppose -3*p = -7*p - i. Let g = -17 - p. List the prime factors of g.
2, 3
Suppose 7 = -p - 2*w, p - w - 8 = -0*p. Let r(b) = -4*b + 0*b**3 + 3*b**3 + b**p - 3*b**3 - 5 + 4*b**2. List the prime factors of r(-4).
11
Let l(c) = 2*c - 3. Suppose 2*i - 3*i + 5*n + 45 = 0, 2*n - 24 = -i. Suppose f + 5*z - 8 = -3*f, 4*z = 2*f - i. List the prime factors of l(f).
11
Suppose 8*x = 4*x - 8, w + 6 = -5*x. Suppose -2*r = 5*i - 35, -w*r + 3*r = 2*i - 15. List the prime factors of r.
5
Suppose 113 + 37 = 5*b. Let h = 0 + b. What are the prime factors of h?
2, 3, 5
Suppose 4*y - 20 = -y. Suppose -64 = -4*o - y*w + 3*w, -3*o + 5*w + 25 = 0. List the prime factors of o.
3, 5
Let i = 4 - 2. Let q = i + 29. Suppose 4*d - q = 37. What are the prime factors of d?
17
Let k = 15 - 8. Suppose 0 = 2*y - k - 1. Let u = 12 - y. List the prime factors of u.
2
Suppose 5*h - 2*z - 28 = -0*h, -5*z = h - 11. Let y = -2 + h. List the prime factors of y.
2
Let r(b) be the second derivative of b**3/3 + 3*b**2/2 - 3*b. What are the prime factors of r(3)?
3
Suppose -45 = -d + 14. What are the prime factors of d?
59
Let w = 114 - 14. Suppose -w = -3*h - h. List the prime factors of h.
5
Let c(y) = 20*y + 4. List the prime factors of c(3).
2
Let u(d) = 3*d - 8. Let n(s) = -2*s - 18. Suppose 3*k + 29 + 4 = -w, -3*k = -5*w + 51. Let z be n(k). What are the prime factors of u(z)?
2, 5
Let x = 63 + -36. Suppose -v + x = -4*v. Let n = 16 + v. List the prime factors of n.
7
Suppose -u + 38 = -2. What are the prime factors of u?
2, 5
Suppose -2*t + 4 + 2 = 0. Suppose -4*f + 4 = 5*g - 23, 0 = -t*f + 5*g + 64. What are the prime factors of f?
13
Suppose -4*q + 166 = 2*h, 104 = h - 3*q - 2*q. What are the prime factors of h?
89
Suppose 0*y - y - x + 9 = 0, -2 = 2*y - 2*x. Suppose -28 = 2*i - y*b, 5*i - 2*b = 3*b - 50. Let h(l) = -2*l + 8. List the prime factors of h(i).
2, 5
Let q = 264 - 58. List the prime factors of q.
2, 103
Let a(u) be the second derivative of -u**4/12 - 2*u**3/3 + 7*u**2/2 - u. What are the prime factors of a(-5)?
2
Suppose 0 = 2*m + 6, 3*n + 18*m - 17*m - 99 = 0. List the prime factors of n.
2, 17
Suppose -b = -5*k + 92, -5*k + 2*k + 60 = -3*b. Suppose 0 = -d - 5*s - k, -4*d + 0*s = 2*s. What are the prime factors of (-5 + -2 + d)/(-1)?
5
Suppose 5*q + 2*b = 12, 3*q - 4*b - 23 - 5 = 0. Suppose -3*p - p + 24 = 2*k, 0 = -q*p - 3*k + 28. Let l = p - -1. What are the prime factors of l?
5
Let m(z) = -23 - 3*z**2 - 2*z + 19 - z**3 + 3*z**2. List the prime factors of m(-3).
29
Suppose -2*f = 3*f - 125. Suppose -5*z = d - f, -z = z + 5*d - 10. Suppose z*n = -3*s - 0*n + 20, 0 = 2*s - n - 9. What are the prime factors of s?
5
List the prime factors of -1 + -3*(-5)/(-5) + 235.
3, 7, 11
Let b be (-234)/27 + (-2)/(-3). Let o = b + 19. What are the prime factors of o?
11
Let r = -159 - -294. Suppose q + 2*q - r = 0. Suppose -3*n - 4*b = -10, 2*n - q = -b + 6*b. What are the prime factors of n?
2, 5
Let z = 16 - -14. What are the prime factors of z?
2, 3, 5
Suppose 0 = -0*c - 4*c + 8. Suppose c = k + 1. Let b = 3 - k. List the prime factors of b.
2
Let p = 43 + -23. Suppose a - p - 5 = 0. What are the prime factors of a/3 - (-2)/3?
3
Let o = 166 + -76. List the prime factors of o.
2, 3, 5
Let i = -7 - -11. Suppose 4*w = 0, 3*a + a = i*w + 40. What are the prime factors of ((-8)/a)/(2/(-5))?
2
Suppose 4*v - 258 = t, -t = 4*v - 6*t - 250. List the prime factors of v.
5, 13
Let x be (-9)/(-3)*8 - 1. Let s = x - 9. List the prime factors of s.
2, 7
Suppose -3*a + 6 = -0*a. Suppose 3*o - 32 = -x, o = -a*x + 43 - 4. List the prime factors of x.
17
Suppose -3*c - 3*d + 38 + 4 = 0, -79 = -5*c + 4*d. Suppose -4*n = -n + c. What are the prime factors of n/(-2)*8/10?
2
Let n(i) = i**2 + 6*i + 3. Let d be n(-6). Suppose 30 = 3*o - d. What are the prime factors of o?
11
Let n(j) = j + 2. Let c be (-1 - (-1)/(-1)) + -2. Let h be n(c). What are the prime factors of (-237)/(-21) + h/7?
11
List the prime factors of 4/30 - 1916/(-30).
2
Let d(v) = v**2 - 6*v + 3. Let l be d(5). Let z = 4 + l. Suppose z*m + 28 = 6*m. List the prime factors of m.
7
Suppose 0 = -0*z - z + 4. Let r(w) = 6 + 6*w**2 - 4*w**3 + 2 + z*w**3 - w**3 - w. List the prime factors of r(6).
2
Suppose -80 = -5*x - 3*z, 5*x - 131 = 2*z - 26. Suppose w = f - 5, 4*f - 2*w - x = f. What are the prime factors of f?
3
Suppose 0 = -9*n - 0*n + 495